{"id":4742,"date":"2024-12-23T14:19:17","date_gmt":"2024-12-23T14:19:17","guid":{"rendered":"https:\/\/fandeli.com\/usa\/?post_type=product&#038;p=4742"},"modified":"2026-01-27T19:42:25","modified_gmt":"2026-01-27T19:42:25","slug":"rollo-bw80-b080-speedkut","status":"publish","type":"product","link":"https:\/\/fandeli.com\/usa\/es\/producto\/rollo-bw80-b080-speedkut\/","title":{"rendered":"Rollo BW80, B080 Speedkut"},"content":{"rendered":"<table cellspacing=\"0\" cellpadding=\"0\" class=\"tabla\">\n<tr>\n<td><strong>SKU<\/strong><\/td>\n<td><strong>DESCRIPCI\u00d3N<\/strong><\/td>\n<td><strong>GRADO<\/strong><\/td>\n<td><strong>DIMENSIONES<\/strong><\/td>\n<td><strong>EMPAQUE<\/strong><\/td>\n<td><strong>CAJA<\/strong><\/td>\n<\/tr>\n<tr>\n<td>34350<\/td>\n<td>ROLLO FANDELI BW80 PSA<\/td>\n<td>P80<\/td>\n<td>2-3\/4&quot; X 25 YDS<\/td>\n<td>1<\/td>\n<td>1<\/td>\n<\/tr>\n<tr>\n<td>34352<\/td>\n<td>ROLLO FANDELI BW80 PSA<\/td>\n<td>P120<\/td>\n<td>2-3\/4&quot; X 30 YDS<\/td>\n<td>1<\/td>\n<td>1<\/td>\n<\/tr>\n<tr>\n<td>34353<\/td>\n<td>ROLLO FANDELI BW80 PSA<\/td>\n<td>P150<\/td>\n<td>2-3\/4&quot; X 45 YDS<\/td>\n<td>1<\/td>\n<td>1<\/td>\n<\/tr>\n<tr>\n<td>34354<\/td>\n<td>ROLLO FANDELI BW80 PSA<\/td>\n<td>P180<\/td>\n<td>2-3\/4&quot; X 45 YDS<\/td>\n<td>1<\/td>\n<td>1<\/td>\n<\/tr>\n<tr>\n<td>34355<\/td>\n<td>ROLLO FANDELI BW80 PSA<\/td>\n<td>P220<\/td>\n<td>2-3\/4&quot; X 45 YDS<\/td>\n<td>1<\/td>\n<td>1<\/td>\n<\/tr>\n<tr>\n<td>34358<\/td>\n<td>ROLLO FANDELI BW80 PSA<\/td>\n<td>P320<\/td>\n<td>2-3\/4&quot; X 45 YDS<\/td>\n<td>1<\/td>\n<td>1<\/td>\n<\/tr>\n<tr>\n<td>34361<\/td>\n<td>ROLLO FANDELI BW80 PSA<\/td>\n<td>P600<\/td>\n<td>2-3\/4&quot; X 45 YDS<\/td>\n<td>1<\/td>\n<td>1<\/td>\n<\/tr>\n<tr>\n<td>34362<\/td>\n<td>ROLLO FANDELI BW80 PSA<\/td>\n<td>P800<\/td>\n<td>2-3\/4&quot; X 45 YDS<\/td>\n<td>1<\/td>\n<td>1<\/td>\n<\/tr>\n<tr>\n<td>34385<\/td>\n<td>ROLLO FANDELI BW80 KWIK-GRIP<\/td>\n<td>P80<\/td>\n<td>2-3\/4&quot; X 45 YDS<\/td>\n<td>1<\/td>\n<td>1<\/td>\n<\/tr>\n<tr>\n<td>34388<\/td>\n<td>ROLLO FANDELI BW80 KWIK-GRIP<\/td>\n<td>P180<\/td>\n<td>2-3\/4&quot; X 25 YDS<\/td>\n<td>1<\/td>\n<td>1<\/td>\n<\/tr>\n<tr>\n<td>34392<\/td>\n<td>ROLLO FANDELI BW80 KWIK-GRIP<\/td>\n<td>P320<\/td>\n<td>2-3\/4&quot; X 25 YDS<\/td>\n<td>1<\/td>\n<td>1<\/td>\n<\/tr>\n<tr>\n<td>30533<\/td>\n<td>ROLLO FANDELI B080 PSA<\/td>\n<td>P80<\/td>\n<td>2-1\/2&quot; X 15 YDS<\/td>\n<td>1<\/td>\n<td>1<\/td>\n<\/tr>\n<tr>\n<td>30534<\/td>\n<td>ROLLO FANDELI B080 PSA<\/td>\n<td>P150<\/td>\n<td>2-1\/2&quot; X 15 YDS<\/td>\n<td>1<\/td>\n<td>1<\/td>\n<\/tr>\n<tr>\n<td>30535<\/td>\n<td>ROLLO FANDELI B080 PSA<\/td>\n<td>P220<\/td>\n<td>2-1\/2&quot; X 15 YDS<\/td>\n<td>1<\/td>\n<td>1<\/td>\n<\/tr>\n<tr>\n<td>30542<\/td>\n<td>ROLLO FANDELI B080 PSA<\/td>\n<td>P320<\/td>\n<td>2-3\/4&quot; X 15 YDS<\/td>\n<td>1<\/td>\n<td>1<\/td>\n<\/tr>\n<tr>\n<td>30543<\/td>\n<td>ROLLO FANDELI B080 PSA<\/td>\n<td>P220<\/td>\n<td>2-3\/4&quot; X 15 YDS<\/td>\n<td>1<\/td>\n<td>1<\/td>\n<\/tr>\n<tr>\n<td>30544<\/td>\n<td>ROLLO FANDELI B080 PSA<\/td>\n<td>P180<\/td>\n<td>2-3\/4&quot; X 15 YDS<\/td>\n<td>1<\/td>\n<td>1<\/td>\n<\/tr>\n<tr>\n<td>30545<\/td>\n<td>ROLLO FANDELI B080 PSA<\/td>\n<td>P150<\/td>\n<td>2-3\/4&quot; X 15 YDS<\/td>\n<td>1<\/td>\n<td>1<\/td>\n<\/tr>\n<tr>\n<td>30546<\/td>\n<td>ROLLO FANDELI B080 PSA<\/td>\n<td>P120<\/td>\n<td>2-3\/4&quot; X 15 YDS<\/td>\n<td>1<\/td>\n<td>1<\/td>\n<\/tr>\n<tr>\n<td>30548<\/td>\n<td>ROLLO FANDELI B080 PSA<\/td>\n<td>P80<\/td>\n<td>2-3\/4&quot; X 15 YDS<\/td>\n<td>1<\/td>\n<td>1<\/td>\n<\/tr>\n<tr>\n<td>35406<\/td>\n<td>ROLLO FANDELI B080 PSA<\/td>\n<td>P240<\/td>\n<td>4-1\/2&quot; X 22 YDS<\/td>\n<td>1<\/td>\n<td>1<\/td>\n<\/tr>\n<tr>\n<td>35410<\/td>\n<td>ROLLO FANDELI B080 PSA<\/td>\n<td>P600<\/td>\n<td>4-1\/2&quot; X 22 YDS<\/td>\n<td>1<\/td>\n<td>1<\/td>\n<\/tr>\n<tr>\n<td>35415<\/td>\n<td>ROLLO FANDELI B080 PSA<\/td>\n<td>P320<\/td>\n<td>4-1\/2&quot; X 22 YDS<\/td>\n<td>1<\/td>\n<td>1<\/td>\n<\/tr>\n<tr>\n<td>79162<\/td>\n<td>ROLLO FANDELI B080 PSA<\/td>\n<td>P80<\/td>\n<td>54&quot; X 100 YDS<\/td>\n<td>1<\/td>\n<td>1<\/td>\n<\/tr>\n<tr>\n<td>79163<\/td>\n<td>ROLLO FANDELI B080 PSA<\/td>\n<td>P120<\/td>\n<td>54&quot; X 100 YDS<\/td>\n<td>1<\/td>\n<td>1<\/td>\n<\/tr>\n<tr>\n<td>79164<\/td>\n<td>ROLLO FANDELI B080 PSA<\/td>\n<td>P80<\/td>\n<td>54&quot; X 100 YDS<\/td>\n<td>1<\/td>\n<td>1<\/td>\n<\/tr>\n<tr>\n<td>79165<\/td>\n<td>ROLLO FANDELI B080 PSA<\/td>\n<td>P120<\/td>\n<td>54&quot; X 100 YDS<\/td>\n<td>1<\/td>\n<td>1<\/td>\n<\/tr>\n<tr>\n<td>79170<\/td>\n<td>ROLLO FANDELI B080 PSA<\/td>\n<td>P150<\/td>\n<td>54&quot; X 100 YDS<\/td>\n<td>1<\/td>\n<td>1<\/td>\n<\/tr>\n<tr>\n<td>79171<\/td>\n<td>ROLLO FANDELI B080 PSA<\/td>\n<td>P180<\/td>\n<td>54&quot; X 100 YDS<\/td>\n<td>1<\/td>\n<td>1<\/td>\n<\/tr>\n<tr>\n<td>79172<\/td>\n<td>ROLLO FANDELI B080 PSA<\/td>\n<td>P220<\/td>\n<td>54&quot; X 100 YDS<\/td>\n<td>1<\/td>\n<td>1<\/td>\n<\/tr>\n<tr>\n<td>79173<\/td>\n<td>ROLLO FANDELI B080 PSA<\/td>\n<td>P320<\/td>\n<td>54&quot; X 100 YDS<\/td>\n<td>1<\/td>\n<td>1<\/td>\n<\/tr>\n<tr>\n<td>79174<\/td>\n<td>ROLLO FANDELI B080 PSA<\/td>\n<td>P400<\/td>\n<td>54&quot; X 100 YDS<\/td>\n<td>1<\/td>\n<td>1<\/td>\n<\/tr>\n<\/table>\n","protected":false},"excerpt":{"rendered":"<p><strong>Aplicaciones<\/strong><\/p>\n<ul class=\"lista\">\n<li>Trabajos de lijado en procesos de hojalater\u00eda para nivelar el contorno de la reparaci\u00f3n, como las zonas trabajadas con pastas y rellenadores en acabados finos o sobre madera natural y suave.<\/li>\n<li>Preparaci\u00f3n de la superficie para aplicaci\u00f3n de pasta de relleno, masilla de relleno, pl\u00e1sticos, pinturas, madera, barnices y lacas, dejando una superficie uniforme.<\/li>\n<li>Trabajos de lijado que requieren de acabados tersos.<\/li>\n<\/ul>\n<p><strong>Caracter\u00edsticas<\/strong><\/p>\n<ul class=\"lista\">\n<li>Tecnolog\u00eda antitapado con Estearato de Zinc Fundido que permiten obtener un excelente acabado.<\/li>\n<li>Gran velocidad de corte y mayor rendimiento.<\/li>\n<li>Lijado en seco y en semi h\u00famedo.<\/li>\n<li>Su capa adicional de Estearato de Zinc previene el tapado prematuro del producto y extiende la vida \u00fatil del mismo.<\/li>\n<\/ul>\n<p><strong>Aplicaciones y recomendaciones<\/strong><\/p>\n<p class=\"iconos\">\n<img decoding=\"async\" src=\"https:\/\/fandeli.com\/assets\/icons\/icon-madera.svg\" class=\"icono\" \/><br \/>\n<img decoding=\"async\" src=\"https:\/\/fandeli.com\/assets\/icons\/icon-lacas.svg\" class=\"icono\" \/><br \/>\n<img decoding=\"async\" src=\"https:\/\/fandeli.com\/assets\/icons\/icon-plastico.svg\" class=\"icono\" \/><br \/>\n<img decoding=\"async\" src=\"https:\/\/fandeli.com\/assets\/icons\/icon-metal-noferroso.svg\" class=\"icono\" \/><br \/>\n<br \/>\n<img decoding=\"async\" src=\"https:\/\/fandeli.com\/assets\/icons\/icon-uso-lija.svg\" class=\"icono\" \/><br \/>\n<img decoding=\"async\" src=\"https:\/\/fandeli.com\/assets\/icons\/icon-corte-hoja.svg\" class=\"icono\" \/><br \/>\n<img decoding=\"async\" src=\"https:\/\/fandeli.com\/assets\/icons\/icon-lijado-humedo.svg\" class=\"icono\" \/>\n<\/p>\n<div id=\"descarga\">\n<p class=\"lista\"><a href=\"https:\/\/fandeli.com\/assets\/fichas-tecnicas\/FANDELI-ficha-tecnica-linea-BW80-Speedkut.pdf\" target=\"_blank\" class=\"botones\"><i class=\"fa fa-file\"><\/i>&nbsp;&nbsp; DESCARGA LA FICHA T\u00c9CNICA<\/a><\/p>\n<h5><strong>Descarga las fotos del producto<\/strong><\/h5>\n<div id=\"foto\">\n<div class=\"foto1\">\n<a href=\"\/assets\/img\/hoja_disco_tira_bw80_speedkut_300_dpis_comercial.zip\" class=\"btn-foto\" target=\"_blank\">300 dpis<\/a>\n<\/div>\n<div class=\"foto2\">\n<a href=\"\/assets\/img\/hoja_disco_tira_bw80_speedkut_150_dpis_comercial.zip\" class=\"btn-foto\" target=\"_blank\">150 dpis<\/a>\n<\/div>\n<div class=\"foto3\">\n<a href=\"\/assets\/img\/hoja_disco_tira_bw80_speedkut_72_dpis_comercial.zip\" class=\"btn-foto\" target=\"_blank\">72 dpis<\/a>\n<\/div>\n<\/div>\n<\/div>\n","protected":false},"featured_media":4743,"template":"","meta":{"site-sidebar-layout":"default","site-content-layout":"","ast-site-content-layout":"default","site-content-style":"default","site-sidebar-style":"default","ast-global-header-display":"","ast-banner-title-visibility":"","ast-main-header-display":"","ast-hfb-above-header-display":"","ast-hfb-below-header-display":"","ast-hfb-mobile-header-display":"","site-post-title":"","ast-breadcrumbs-content":"","ast-featured-img":"","footer-sml-layout":"","ast-disable-related-posts":"","theme-transparent-header-meta":"default","adv-header-id-meta":"","stick-header-meta":"","header-above-stick-meta":"","header-main-stick-meta":"","header-below-stick-meta":"","astra-migrate-meta-layouts":"set","ast-page-background-enabled":"default","ast-page-background-meta":{"desktop":{"background-color":"var(--ast-global-color-4)","background-image":"","background-repeat":"repeat","background-position":"center center","background-size":"auto","background-attachment":"scroll","background-type":"","background-media":"","overlay-type":"","overlay-color":"","overlay-opacity":"","overlay-gradient":""},"tablet":{"background-color":"","background-image":"","background-repeat":"repeat","background-position":"center center","background-size":"auto","background-attachment":"scroll","background-type":"","background-media":"","overlay-type":"","overlay-color":"","overlay-opacity":"","overlay-gradient":""},"mobile":{"background-color":"","background-image":"","background-repeat":"repeat","background-position":"center center","background-size":"auto","background-attachment":"scroll","background-type":"","background-media":"","overlay-type":"","overlay-color":"","overlay-opacity":"","overlay-gradient":""}},"ast-content-background-meta":{"desktop":{"background-color":"var(--ast-global-color-5)","background-image":"","background-repeat":"repeat","background-position":"center center","background-size":"auto","background-attachment":"scroll","background-type":"","background-media":"","overlay-type":"","overlay-color":"","overlay-opacity":"","overlay-gradient":""},"tablet":{"background-color":"var(--ast-global-color-5)","background-image":"","background-repeat":"repeat","background-position":"center center","background-size":"auto","background-attachment":"scroll","background-type":"","background-media":"","overlay-type":"","overlay-color":"","overlay-opacity":"","overlay-gradient":""},"mobile":{"background-color":"var(--ast-global-color-5)","background-image":"","background-repeat":"repeat","background-position":"center center","background-size":"auto","background-attachment":"scroll","background-type":"","background-media":"","overlay-type":"","overlay-color":"","overlay-opacity":"","overlay-gradient":""}}},"product_brand":[],"product_cat":[23,19,414,1118,1126,1122,915],"product_tag":[],"class_list":{"0":"post-4742","1":"product","2":"type-product","3":"status-publish","4":"has-post-thumbnail","6":"product_cat-automotriz-es","7":"product_cat-carpinteria-es","8":"product_cat-lacas-y-pintura","9":"product_cat-madera","10":"product_cat-metal-no-ferroso","11":"product_cat-plastico-es","12":"product_cat-rollos-de-lija-es","13":"desktop-align-center","14":"tablet-align-left","15":"mobile-align-center","17":"first","18":"instock","19":"shipping-taxable","20":"product-type-simple"},"yoast_head":"<!-- This site is optimized with the Yoast SEO plugin v27.2 - https:\/\/yoast.com\/product\/yoast-seo-wordpress\/ -->\n<title>Rollo BW80, B080 Speedkut - FANDELI<\/title>\n<meta name=\"robots\" content=\"index, follow, max-snippet:-1, max-image-preview:large, max-video-preview:-1\" \/>\n<link rel=\"canonical\" href=\"https:\/\/fandeli.com\/usa\/es\/producto\/rollo-bw80-b080-speedkut\/\" \/>\n<meta property=\"og:locale\" content=\"es_MX\" \/>\n<meta property=\"og:type\" content=\"article\" \/>\n<meta property=\"og:title\" content=\"Rollo BW80, B080 Speedkut - FANDELI\" \/>\n<meta property=\"og:description\" content=\"Aplicaciones   Trabajos de lijado en procesos de hojalater\u00eda para nivelar el contorno de la reparaci\u00f3n, como las zonas trabajadas con pastas y rellenadores en acabados finos o sobre madera natural y suave. Preparaci\u00f3n de la superficie para aplicaci\u00f3n de pasta de relleno, masilla de relleno, pl\u00e1sticos, pinturas, madera, barnices y lacas, dejando una superficie uniforme. Trabajos de lijado que requieren de acabados tersos.    Caracter\u00edsticas    Tecnolog\u00eda antitapado con Estearato de Zinc Fundido que permiten obtener un excelente acabado. Gran velocidad de corte y mayor rendimiento. Lijado en seco y en semi h\u00famedo. Su capa adicional de Estearato de Zinc previene el tapado prematuro del producto y extiende la vida \u00fatil del mismo.    Aplicaciones y recomendaciones                     &nbsp;&nbsp; DESCARGA LA FICHA T\u00c9CNICA   Descarga las fotos del producto    300 dpis   150 dpis   72 dpis\" \/>\n<meta property=\"og:url\" content=\"https:\/\/fandeli.com\/usa\/es\/producto\/rollo-bw80-b080-speedkut\/\" \/>\n<meta property=\"og:site_name\" content=\"FANDELI\" \/>\n<meta property=\"article:modified_time\" content=\"2026-01-27T19:42:25+00:00\" \/>\n<meta property=\"og:image\" content=\"https:\/\/fandeli.com\/usa\/wp-content\/uploads\/2024\/12\/rollo-bw80-1.jpg\" \/>\n\t<meta property=\"og:image:width\" content=\"800\" \/>\n\t<meta property=\"og:image:height\" content=\"800\" \/>\n\t<meta property=\"og:image:type\" content=\"image\/jpeg\" \/>\n<meta name=\"twitter:card\" content=\"summary_large_image\" \/>\n<meta name=\"twitter:label1\" content=\"Tiempo de lectura\" \/>\n\t<meta name=\"twitter:data1\" content=\"2 minutos\" \/>\n<script type=\"application\/ld+json\" class=\"yoast-schema-graph\">{\"@context\":\"https:\/\/schema.org\",\"@graph\":[{\"@type\":\"WebPage\",\"@id\":\"https:\/\/fandeli.com\/usa\/es\/producto\/rollo-bw80-b080-speedkut\/\",\"url\":\"https:\/\/fandeli.com\/usa\/es\/producto\/rollo-bw80-b080-speedkut\/\",\"name\":\"Rollo BW80, B080 Speedkut - FANDELI\",\"isPartOf\":{\"@id\":\"https:\/\/fandeli.com\/usa\/#website\"},\"primaryImageOfPage\":{\"@id\":\"https:\/\/fandeli.com\/usa\/es\/producto\/rollo-bw80-b080-speedkut\/#primaryimage\"},\"image\":{\"@id\":\"https:\/\/fandeli.com\/usa\/es\/producto\/rollo-bw80-b080-speedkut\/#primaryimage\"},\"thumbnailUrl\":\"https:\/\/fandeli.com\/usa\/wp-content\/uploads\/2024\/12\/rollo-bw80-1.jpg\",\"datePublished\":\"2024-12-23T14:19:17+00:00\",\"dateModified\":\"2026-01-27T19:42:25+00:00\",\"breadcrumb\":{\"@id\":\"https:\/\/fandeli.com\/usa\/es\/producto\/rollo-bw80-b080-speedkut\/#breadcrumb\"},\"inLanguage\":\"es\",\"potentialAction\":[{\"@type\":\"ReadAction\",\"target\":[\"https:\/\/fandeli.com\/usa\/es\/producto\/rollo-bw80-b080-speedkut\/\"]}]},{\"@type\":\"ImageObject\",\"inLanguage\":\"es\",\"@id\":\"https:\/\/fandeli.com\/usa\/es\/producto\/rollo-bw80-b080-speedkut\/#primaryimage\",\"url\":\"https:\/\/fandeli.com\/usa\/wp-content\/uploads\/2024\/12\/rollo-bw80-1.jpg\",\"contentUrl\":\"https:\/\/fandeli.com\/usa\/wp-content\/uploads\/2024\/12\/rollo-bw80-1.jpg\",\"width\":800,\"height\":800},{\"@type\":\"BreadcrumbList\",\"@id\":\"https:\/\/fandeli.com\/usa\/es\/producto\/rollo-bw80-b080-speedkut\/#breadcrumb\",\"itemListElement\":[{\"@type\":\"ListItem\",\"position\":1,\"name\":\"Portada\",\"item\":\"https:\/\/fandeli.com\/usa\/es\/inicio\/\"},{\"@type\":\"ListItem\",\"position\":2,\"name\":\"Tienda\",\"item\":\"https:\/\/fandeli.com\/usa\/es\/?page_id=13\"},{\"@type\":\"ListItem\",\"position\":3,\"name\":\"Rollo BW80, B080 Speedkut\"}]},{\"@type\":\"WebSite\",\"@id\":\"https:\/\/fandeli.com\/usa\/#website\",\"url\":\"https:\/\/fandeli.com\/usa\/\",\"name\":\"FANDELI\",\"description\":\"FANDELI\",\"publisher\":{\"@id\":\"https:\/\/fandeli.com\/usa\/#organization\"},\"potentialAction\":[{\"@type\":\"SearchAction\",\"target\":{\"@type\":\"EntryPoint\",\"urlTemplate\":\"https:\/\/fandeli.com\/usa\/?s={search_term_string}\"},\"query-input\":{\"@type\":\"PropertyValueSpecification\",\"valueRequired\":true,\"valueName\":\"search_term_string\"}}],\"inLanguage\":\"es\"},{\"@type\":\"Organization\",\"@id\":\"https:\/\/fandeli.com\/usa\/#organization\",\"name\":\"FANDELI\",\"url\":\"https:\/\/fandeli.com\/usa\/\",\"logo\":{\"@type\":\"ImageObject\",\"inLanguage\":\"es\",\"@id\":\"https:\/\/fandeli.com\/usa\/#\/schema\/logo\/image\/\",\"url\":\"https:\/\/fandeli.com\/usa\/wp-content\/uploads\/2025\/12\/logo-fandeli-bco.svg\",\"contentUrl\":\"https:\/\/fandeli.com\/usa\/wp-content\/uploads\/2025\/12\/logo-fandeli-bco.svg\",\"width\":1486,\"height\":326,\"caption\":\"FANDELI\"},\"image\":{\"@id\":\"https:\/\/fandeli.com\/usa\/#\/schema\/logo\/image\/\"}}]}<\/script>\n<!-- \/ Yoast SEO plugin. -->","yoast_head_json":{"title":"Rollo BW80, B080 Speedkut - FANDELI","robots":{"index":"index","follow":"follow","max-snippet":"max-snippet:-1","max-image-preview":"max-image-preview:large","max-video-preview":"max-video-preview:-1"},"canonical":"https:\/\/fandeli.com\/usa\/es\/producto\/rollo-bw80-b080-speedkut\/","og_locale":"es_MX","og_type":"article","og_title":"Rollo BW80, B080 Speedkut - FANDELI","og_description":"Aplicaciones   Trabajos de lijado en procesos de hojalater\u00eda para nivelar el contorno de la reparaci\u00f3n, como las zonas trabajadas con pastas y rellenadores en acabados finos o sobre madera natural y suave. Preparaci\u00f3n de la superficie para aplicaci\u00f3n de pasta de relleno, masilla de relleno, pl\u00e1sticos, pinturas, madera, barnices y lacas, dejando una superficie uniforme. Trabajos de lijado que requieren de acabados tersos.    Caracter\u00edsticas    Tecnolog\u00eda antitapado con Estearato de Zinc Fundido que permiten obtener un excelente acabado. Gran velocidad de corte y mayor rendimiento. Lijado en seco y en semi h\u00famedo. Su capa adicional de Estearato de Zinc previene el tapado prematuro del producto y extiende la vida \u00fatil del mismo.    Aplicaciones y recomendaciones                     &nbsp;&nbsp; DESCARGA LA FICHA T\u00c9CNICA   Descarga las fotos del producto    300 dpis   150 dpis   72 dpis","og_url":"https:\/\/fandeli.com\/usa\/es\/producto\/rollo-bw80-b080-speedkut\/","og_site_name":"FANDELI","article_modified_time":"2026-01-27T19:42:25+00:00","og_image":[{"width":800,"height":800,"url":"https:\/\/fandeli.com\/usa\/wp-content\/uploads\/2024\/12\/rollo-bw80-1.jpg","type":"image\/jpeg"}],"twitter_card":"summary_large_image","twitter_misc":{"Tiempo de lectura":"2 minutos"},"schema":{"@context":"https:\/\/schema.org","@graph":[{"@type":"WebPage","@id":"https:\/\/fandeli.com\/usa\/es\/producto\/rollo-bw80-b080-speedkut\/","url":"https:\/\/fandeli.com\/usa\/es\/producto\/rollo-bw80-b080-speedkut\/","name":"Rollo BW80, B080 Speedkut - FANDELI","isPartOf":{"@id":"https:\/\/fandeli.com\/usa\/#website"},"primaryImageOfPage":{"@id":"https:\/\/fandeli.com\/usa\/es\/producto\/rollo-bw80-b080-speedkut\/#primaryimage"},"image":{"@id":"https:\/\/fandeli.com\/usa\/es\/producto\/rollo-bw80-b080-speedkut\/#primaryimage"},"thumbnailUrl":"https:\/\/fandeli.com\/usa\/wp-content\/uploads\/2024\/12\/rollo-bw80-1.jpg","datePublished":"2024-12-23T14:19:17+00:00","dateModified":"2026-01-27T19:42:25+00:00","breadcrumb":{"@id":"https:\/\/fandeli.com\/usa\/es\/producto\/rollo-bw80-b080-speedkut\/#breadcrumb"},"inLanguage":"es","potentialAction":[{"@type":"ReadAction","target":["https:\/\/fandeli.com\/usa\/es\/producto\/rollo-bw80-b080-speedkut\/"]}]},{"@type":"ImageObject","inLanguage":"es","@id":"https:\/\/fandeli.com\/usa\/es\/producto\/rollo-bw80-b080-speedkut\/#primaryimage","url":"https:\/\/fandeli.com\/usa\/wp-content\/uploads\/2024\/12\/rollo-bw80-1.jpg","contentUrl":"https:\/\/fandeli.com\/usa\/wp-content\/uploads\/2024\/12\/rollo-bw80-1.jpg","width":800,"height":800},{"@type":"BreadcrumbList","@id":"https:\/\/fandeli.com\/usa\/es\/producto\/rollo-bw80-b080-speedkut\/#breadcrumb","itemListElement":[{"@type":"ListItem","position":1,"name":"Portada","item":"https:\/\/fandeli.com\/usa\/es\/inicio\/"},{"@type":"ListItem","position":2,"name":"Tienda","item":"https:\/\/fandeli.com\/usa\/es\/?page_id=13"},{"@type":"ListItem","position":3,"name":"Rollo BW80, B080 Speedkut"}]},{"@type":"WebSite","@id":"https:\/\/fandeli.com\/usa\/#website","url":"https:\/\/fandeli.com\/usa\/","name":"FANDELI","description":"FANDELI","publisher":{"@id":"https:\/\/fandeli.com\/usa\/#organization"},"potentialAction":[{"@type":"SearchAction","target":{"@type":"EntryPoint","urlTemplate":"https:\/\/fandeli.com\/usa\/?s={search_term_string}"},"query-input":{"@type":"PropertyValueSpecification","valueRequired":true,"valueName":"search_term_string"}}],"inLanguage":"es"},{"@type":"Organization","@id":"https:\/\/fandeli.com\/usa\/#organization","name":"FANDELI","url":"https:\/\/fandeli.com\/usa\/","logo":{"@type":"ImageObject","inLanguage":"es","@id":"https:\/\/fandeli.com\/usa\/#\/schema\/logo\/image\/","url":"https:\/\/fandeli.com\/usa\/wp-content\/uploads\/2025\/12\/logo-fandeli-bco.svg","contentUrl":"https:\/\/fandeli.com\/usa\/wp-content\/uploads\/2025\/12\/logo-fandeli-bco.svg","width":1486,"height":326,"caption":"FANDELI"},"image":{"@id":"https:\/\/fandeli.com\/usa\/#\/schema\/logo\/image\/"}}]}},"jetpack_sharing_enabled":true,"_links":{"self":[{"href":"https:\/\/fandeli.com\/usa\/wp-json\/wp\/v2\/product\/4742","targetHints":{"allow":["GET"]}}],"collection":[{"href":"https:\/\/fandeli.com\/usa\/wp-json\/wp\/v2\/product"}],"about":[{"href":"https:\/\/fandeli.com\/usa\/wp-json\/wp\/v2\/types\/product"}],"wp:featuredmedia":[{"embeddable":true,"href":"https:\/\/fandeli.com\/usa\/wp-json\/wp\/v2\/media\/4743"}],"wp:attachment":[{"href":"https:\/\/fandeli.com\/usa\/wp-json\/wp\/v2\/media?parent=4742"}],"wp:term":[{"taxonomy":"product_brand","embeddable":true,"href":"https:\/\/fandeli.com\/usa\/wp-json\/wp\/v2\/product_brand?post=4742"},{"taxonomy":"product_cat","embeddable":true,"href":"https:\/\/fandeli.com\/usa\/wp-json\/wp\/v2\/product_cat?post=4742"},{"taxonomy":"product_tag","embeddable":true,"href":"https:\/\/fandeli.com\/usa\/wp-json\/wp\/v2\/product_tag?post=4742"}],"curies":[{"name":"wp","href":"https:\/\/api.w.org\/{rel}","templated":true}]}}