{"id":4731,"date":"2024-12-23T13:58:25","date_gmt":"2024-12-23T13:58:25","guid":{"rendered":"https:\/\/fandeli.com\/usa\/?post_type=product&#038;p=4731"},"modified":"2026-01-27T19:30:00","modified_gmt":"2026-01-27T19:30:00","slug":"rollo-a080","status":"publish","type":"product","link":"https:\/\/fandeli.com\/usa\/es\/producto\/rollo-a080\/","title":{"rendered":"Rollo A080"},"content":{"rendered":"<table cellspacing=\"0\" cellpadding=\"0\" class=\"tabla\">\n<tr>\n<td><strong>SKU<\/strong><\/td>\n<td><strong>DESCRIPCI\u00d3N<\/strong><\/td>\n<td><strong>GRADO<\/strong><\/td>\n<td><strong>DIMENSIONES<\/strong><\/td>\n<td><strong>EMPAQUE<\/strong><\/td>\n<td><strong>CAJA<\/strong><\/td>\n<\/tr>\n<tr>\n<td>06844<\/td>\n<td>ROLLO FANDELI A080 PSA<\/td>\n<td>P400<\/td>\n<td>4-1\/2&quot; X 100YDS<\/td>\n<td>1<\/td>\n<td>1<\/td>\n<\/tr>\n<tr>\n<td>15453<\/td>\n<td>ROLLO FANDELI A080 PSA<\/td>\n<td>P80<\/td>\n<td>4-1\/2&quot; X 100YDS<\/td>\n<td>1<\/td>\n<td>1<\/td>\n<\/tr>\n<tr>\n<td>15454<\/td>\n<td>ROLLO FANDELI A080 PSA<\/td>\n<td>P220<\/td>\n<td>4-1\/2&quot; X 100YDS<\/td>\n<td>1<\/td>\n<td>1<\/td>\n<\/tr>\n<tr>\n<td>16582<\/td>\n<td>ROLLO FANDELI A080 PSA<\/td>\n<td>P100<\/td>\n<td>4-1\/2&quot; X 100YDS<\/td>\n<td>1<\/td>\n<td>1<\/td>\n<\/tr>\n<tr>\n<td>16583<\/td>\n<td>ROLLO FANDELI A080 PSA<\/td>\n<td>P180<\/td>\n<td>4-1\/2&quot; X 100YDS<\/td>\n<td>1<\/td>\n<td>1<\/td>\n<\/tr>\n<tr>\n<td>16635<\/td>\n<td>ROLLO FANDELI A080 PSA<\/td>\n<td>P220<\/td>\n<td>4-1\/2&quot; X 100YDS<\/td>\n<td>1<\/td>\n<td>1<\/td>\n<\/tr>\n<tr>\n<td>17381<\/td>\n<td>ROLLO FANDELI A080 PSA<\/td>\n<td>P120<\/td>\n<td>4-1\/2&quot; X 100YDS<\/td>\n<td>1<\/td>\n<td>1<\/td>\n<\/tr>\n<tr>\n<td>17383<\/td>\n<td>ROLLO FANDELI A080 PSA<\/td>\n<td>P320<\/td>\n<td>4-1\/2&quot; X 100YDS<\/td>\n<td>1<\/td>\n<td>1<\/td>\n<\/tr>\n<tr>\n<td>17385<\/td>\n<td>ROLLO FANDELI A080 PSA<\/td>\n<td>P80<\/td>\n<td>2-3\/4&quot; X 25 YDS<\/td>\n<td>1<\/td>\n<td>1<\/td>\n<\/tr>\n<tr>\n<td>17387<\/td>\n<td>ROLLO FANDELI A080 PSA<\/td>\n<td>P120<\/td>\n<td>2-3\/4&quot; X 25 YDS<\/td>\n<td>1<\/td>\n<td>1<\/td>\n<\/tr>\n<tr>\n<td>17388<\/td>\n<td>ROLLO FANDELI A080 PSA<\/td>\n<td>P150<\/td>\n<td>2-3\/4&quot; X 25 YDS<\/td>\n<td>1<\/td>\n<td>1<\/td>\n<\/tr>\n<tr>\n<td>17389<\/td>\n<td>ROLLO FANDELI A080 PSA<\/td>\n<td>P180<\/td>\n<td>2-3\/4&quot; X 25 YDS<\/td>\n<td>1<\/td>\n<td>1<\/td>\n<\/tr>\n<tr>\n<td>17391<\/td>\n<td>ROLLO FANDELI A080 PSA<\/td>\n<td>P320<\/td>\n<td>2-3\/4&quot; X 25 YDS<\/td>\n<td>1<\/td>\n<td>1<\/td>\n<\/tr>\n<tr>\n<td>17392<\/td>\n<td>ROLLO FANDELI A080 PSA<\/td>\n<td>P400<\/td>\n<td>2-3\/4&quot; X 25 YDS<\/td>\n<td>1<\/td>\n<td>1<\/td>\n<\/tr>\n<tr>\n<td>17868<\/td>\n<td>ROLLO FANDELI A080 PSA<\/td>\n<td>P80<\/td>\n<td>46&quot; X 100 YDS<\/td>\n<td>1<\/td>\n<td>1<\/td>\n<\/tr>\n<tr>\n<td>17876<\/td>\n<td>ROLLO FANDELI A080 PSA<\/td>\n<td>P320<\/td>\n<td>46&quot; X 100 YDS<\/td>\n<td>1<\/td>\n<td>1<\/td>\n<\/tr>\n<tr>\n<td>22896<\/td>\n<td>ROLLO FANDELI A080 PSA<\/td>\n<td>P600<\/td>\n<td>2-3\/4&quot; X 45 YDS<\/td>\n<td>1<\/td>\n<td>1<\/td>\n<\/tr>\n<tr>\n<td>27341<\/td>\n<td>ROLLO FANDELI A080 PSA<\/td>\n<td>P80<\/td>\n<td>3&quot; X 50 YDS<\/td>\n<td>1<\/td>\n<td>1<\/td>\n<\/tr>\n<tr>\n<td>30508<\/td>\n<td>ROLLO FANDELI A080 PSA<\/td>\n<td>P600<\/td>\n<td>2-3\/4&quot; X 45 YDS<\/td>\n<td>1<\/td>\n<td>1<\/td>\n<\/tr>\n<tr>\n<td>30509<\/td>\n<td>ROLLO FANDELI A080 PSA<\/td>\n<td>P400<\/td>\n<td>2-3\/4&quot; X 45 YDS<\/td>\n<td>1<\/td>\n<td>1<\/td>\n<\/tr>\n<tr>\n<td>30510<\/td>\n<td>ROLLO FANDELI A080 PSA<\/td>\n<td>P320<\/td>\n<td>2-3\/4&quot; X 45 YDS<\/td>\n<td>1<\/td>\n<td>1<\/td>\n<\/tr>\n<tr>\n<td>30511<\/td>\n<td>ROLLO FANDELI A080 PSA<\/td>\n<td>P220<\/td>\n<td>2-3\/4&quot; X 45 YDS<\/td>\n<td>1<\/td>\n<td>1<\/td>\n<\/tr>\n<tr>\n<td>30512<\/td>\n<td>ROLLO FANDELI A080 PSA<\/td>\n<td>P180<\/td>\n<td>2-3\/4&quot; X 45 YDS<\/td>\n<td>1<\/td>\n<td>1<\/td>\n<\/tr>\n<tr>\n<td>30513<\/td>\n<td>ROLLO FANDELI A080 PSA<\/td>\n<td>P150<\/td>\n<td>2-3\/4&quot; X 45 YDS<\/td>\n<td>1<\/td>\n<td>1<\/td>\n<\/tr>\n<tr>\n<td>30514<\/td>\n<td>ROLLO FANDELI A080 PSA<\/td>\n<td>P120<\/td>\n<td>2-3\/4&quot; X 30 YDS<\/td>\n<td>1<\/td>\n<td>1<\/td>\n<\/tr>\n<tr>\n<td>30515<\/td>\n<td>ROLLO FANDELI A080 PSA<\/td>\n<td>P100<\/td>\n<td>2-3\/4&quot; X 30 YDS<\/td>\n<td>1<\/td>\n<td>1<\/td>\n<\/tr>\n<tr>\n<td>30516<\/td>\n<td>ROLLO FANDELI A080 PSA<\/td>\n<td>P80<\/td>\n<td>2-3\/4&quot; X 25 YDS<\/td>\n<td>1<\/td>\n<td>1<\/td>\n<\/tr>\n<tr>\n<td>36550<\/td>\n<td>ROLLO FANDELI A080 PSA<\/td>\n<td>P80<\/td>\n<td>2-3\/4&quot; X 20 YDS<\/td>\n<td>1<\/td>\n<td>1<\/td>\n<\/tr>\n<tr>\n<td>36557<\/td>\n<td>ROLLO FANDELI A080 PSA<\/td>\n<td>P120<\/td>\n<td>2-3\/4&quot; X 16 YDS<\/td>\n<td>1<\/td>\n<td>1<\/td>\n<\/tr>\n<tr>\n<td>36557<\/td>\n<td>ROLLO FANDELI A080 PSA<\/td>\n<td>P120<\/td>\n<td>2-3\/4&quot; X 16 YDS<\/td>\n<td>1<\/td>\n<td>1<\/td>\n<\/tr>\n<tr>\n<td>36559<\/td>\n<td>ROLLO FANDELI A080 PSA<\/td>\n<td>P220<\/td>\n<td>2-3\/4&quot; X 16 YDS<\/td>\n<td>1<\/td>\n<td>1<\/td>\n<\/tr>\n<tr>\n<td>36559<\/td>\n<td>ROLLO FANDELI A080 PSA<\/td>\n<td>P220<\/td>\n<td>2-3\/4&quot; X 16 YDS<\/td>\n<td>1<\/td>\n<td>1<\/td>\n<\/tr>\n<tr>\n<td>36809<\/td>\n<td>ROLLO FANDELI A080 PSA<\/td>\n<td>P80<\/td>\n<td>2-3\/4&quot; X 16 YDS<\/td>\n<td>1<\/td>\n<td>1<\/td>\n<\/tr>\n<tr>\n<td>36810<\/td>\n<td>ROLLO FANDELI A080 PSA<\/td>\n<td>P120<\/td>\n<td>2-3\/4&quot; X 16 YDS<\/td>\n<td>1<\/td>\n<td>1<\/td>\n<\/tr>\n<tr>\n<td>36811<\/td>\n<td>ROLLO FANDELI A080 PSA<\/td>\n<td>P220<\/td>\n<td>2-3\/4&quot; X 16 YDS<\/td>\n<td>1<\/td>\n<td>1<\/td>\n<\/tr>\n<\/table>\n","protected":false},"excerpt":{"rendered":"<p><strong>Aplicaciones<\/strong><\/p>\n<ul class=\"lista\">\n<li>Operaciones de lijado en seco y acabado de superficies de madera en blanco o con recubrimientos.<\/li>\n<li>Pueden utilizarse manualmente o con m\u00e1quinas lijadoras.<\/li>\n<li>Desempe\u00f1o efectivo sobre superficies trabajadas con lacas y pinturas.<\/li>\n<\/ul>\n<p><strong>Caracter\u00edsticas<\/strong><\/p>\n<ul class=\"lista\">\n<li>La capa de Estearato de Zinc previene el tapado prematuro del producto, asegurando una larga vida \u00fatil del mismo.<\/li>\n<li>Los acabados finos producidos por su acci\u00f3n de corte homog\u00e9neo las convierten en las lijas ideales para la industria de la madera.<\/li>\n<\/ul>\n<p><strong>Aplicaciones y recomendaciones<\/strong><\/p>\n<p class=\"iconos\">\n<img decoding=\"async\" src=\"https:\/\/fandeli.com\/assets\/icons\/icon-madera.svg\" class=\"icono\" \/><br \/>\n<img decoding=\"async\" src=\"https:\/\/fandeli.com\/assets\/icons\/icon-lacas.svg\" class=\"icono\" \/><br \/>\n<img decoding=\"async\" src=\"https:\/\/fandeli.com\/assets\/icons\/icon-plastico.svg\" class=\"icono\" \/><br \/>\n<br \/>\n<img decoding=\"async\" src=\"https:\/\/fandeli.com\/assets\/icons\/icon-uso-lija.svg\" class=\"icono\" \/><br \/>\n<img decoding=\"async\" src=\"https:\/\/fandeli.com\/assets\/icons\/icon-corte-hoja.svg\" class=\"icono\" \/><br \/>\n<img decoding=\"async\" src=\"https:\/\/fandeli.com\/assets\/icons\/icon-lijado-humedo.svg\" class=\"icono\" \/>\n<\/p>\n<div id=\"descarga\">\n<p class=\"lista\"><a href=\"https:\/\/fandeli.com\/assets\/fichas-tecnicas\/FANDELI-ficha-tecnica-linea-A080.pdf\" target=\"_blank\" class=\"botones\"><i class=\"fa fa-file\"><\/i>&nbsp;&nbsp; DESCARGA LA FICHA T\u00c9CNICA<\/a><\/p>\n<\/div>\n","protected":false},"featured_media":4732,"template":"","meta":{"site-sidebar-layout":"default","site-content-layout":"","ast-site-content-layout":"default","site-content-style":"default","site-sidebar-style":"default","ast-global-header-display":"","ast-banner-title-visibility":"","ast-main-header-display":"","ast-hfb-above-header-display":"","ast-hfb-below-header-display":"","ast-hfb-mobile-header-display":"","site-post-title":"","ast-breadcrumbs-content":"","ast-featured-img":"","footer-sml-layout":"","ast-disable-related-posts":"","theme-transparent-header-meta":"default","adv-header-id-meta":"","stick-header-meta":"","header-above-stick-meta":"","header-main-stick-meta":"","header-below-stick-meta":"","astra-migrate-meta-layouts":"set","ast-page-background-enabled":"default","ast-page-background-meta":{"desktop":{"background-color":"var(--ast-global-color-4)","background-image":"","background-repeat":"repeat","background-position":"center center","background-size":"auto","background-attachment":"scroll","background-type":"","background-media":"","overlay-type":"","overlay-color":"","overlay-opacity":"","overlay-gradient":""},"tablet":{"background-color":"","background-image":"","background-repeat":"repeat","background-position":"center center","background-size":"auto","background-attachment":"scroll","background-type":"","background-media":"","overlay-type":"","overlay-color":"","overlay-opacity":"","overlay-gradient":""},"mobile":{"background-color":"","background-image":"","background-repeat":"repeat","background-position":"center center","background-size":"auto","background-attachment":"scroll","background-type":"","background-media":"","overlay-type":"","overlay-color":"","overlay-opacity":"","overlay-gradient":""}},"ast-content-background-meta":{"desktop":{"background-color":"var(--ast-global-color-5)","background-image":"","background-repeat":"repeat","background-position":"center center","background-size":"auto","background-attachment":"scroll","background-type":"","background-media":"","overlay-type":"","overlay-color":"","overlay-opacity":"","overlay-gradient":""},"tablet":{"background-color":"var(--ast-global-color-5)","background-image":"","background-repeat":"repeat","background-position":"center center","background-size":"auto","background-attachment":"scroll","background-type":"","background-media":"","overlay-type":"","overlay-color":"","overlay-opacity":"","overlay-gradient":""},"mobile":{"background-color":"var(--ast-global-color-5)","background-image":"","background-repeat":"repeat","background-position":"center center","background-size":"auto","background-attachment":"scroll","background-type":"","background-media":"","overlay-type":"","overlay-color":"","overlay-opacity":"","overlay-gradient":""}}},"product_brand":[],"product_cat":[19,414,1118,24,1122,915],"product_tag":[],"class_list":{"0":"post-4731","1":"product","2":"type-product","3":"status-publish","4":"has-post-thumbnail","6":"product_cat-carpinteria-es","7":"product_cat-lacas-y-pintura","8":"product_cat-madera","9":"product_cat-mantenimiento-es","10":"product_cat-plastico-es","11":"product_cat-rollos-de-lija-es","12":"desktop-align-center","13":"tablet-align-left","14":"mobile-align-center","16":"first","17":"instock","18":"shipping-taxable","19":"product-type-simple"},"yoast_head":"<!-- This site is optimized with the Yoast SEO plugin v27.2 - https:\/\/yoast.com\/product\/yoast-seo-wordpress\/ -->\n<title>Rollo A080 - FANDELI<\/title>\n<meta name=\"robots\" content=\"index, follow, max-snippet:-1, max-image-preview:large, max-video-preview:-1\" \/>\n<link rel=\"canonical\" href=\"https:\/\/fandeli.com\/usa\/es\/producto\/rollo-a080\/\" \/>\n<meta property=\"og:locale\" content=\"es_MX\" \/>\n<meta property=\"og:type\" content=\"article\" \/>\n<meta property=\"og:title\" content=\"Rollo A080 - FANDELI\" \/>\n<meta property=\"og:description\" content=\"Aplicaciones   Operaciones de lijado en seco y acabado de superficies de madera en blanco o con recubrimientos. Pueden utilizarse manualmente o con m\u00e1quinas lijadoras. Desempe\u00f1o efectivo sobre superficies trabajadas con lacas y pinturas.    Caracter\u00edsticas    La capa de Estearato de Zinc previene el tapado prematuro del producto, asegurando una larga vida \u00fatil del mismo. Los acabados finos producidos por su acci\u00f3n de corte homog\u00e9neo las convierten en las lijas ideales para la industria de la madera.    Aplicaciones y recomendaciones                    &nbsp;&nbsp; DESCARGA LA FICHA T\u00c9CNICA\" \/>\n<meta property=\"og:url\" content=\"https:\/\/fandeli.com\/usa\/es\/producto\/rollo-a080\/\" \/>\n<meta property=\"og:site_name\" content=\"FANDELI\" \/>\n<meta property=\"article:modified_time\" content=\"2026-01-27T19:30:00+00:00\" \/>\n<meta property=\"og:image\" content=\"https:\/\/fandeli.com\/usa\/wp-content\/uploads\/2024\/12\/rollo-a080-1.jpg\" \/>\n\t<meta property=\"og:image:width\" content=\"800\" \/>\n\t<meta property=\"og:image:height\" content=\"800\" \/>\n\t<meta property=\"og:image:type\" content=\"image\/jpeg\" \/>\n<meta name=\"twitter:card\" content=\"summary_large_image\" \/>\n<meta name=\"twitter:label1\" content=\"Tiempo de lectura\" \/>\n\t<meta name=\"twitter:data1\" content=\"3 minutos\" \/>\n<script type=\"application\/ld+json\" class=\"yoast-schema-graph\">{\"@context\":\"https:\/\/schema.org\",\"@graph\":[{\"@type\":\"WebPage\",\"@id\":\"https:\/\/fandeli.com\/usa\/es\/producto\/rollo-a080\/\",\"url\":\"https:\/\/fandeli.com\/usa\/es\/producto\/rollo-a080\/\",\"name\":\"Rollo A080 - FANDELI\",\"isPartOf\":{\"@id\":\"https:\/\/fandeli.com\/usa\/#website\"},\"primaryImageOfPage\":{\"@id\":\"https:\/\/fandeli.com\/usa\/es\/producto\/rollo-a080\/#primaryimage\"},\"image\":{\"@id\":\"https:\/\/fandeli.com\/usa\/es\/producto\/rollo-a080\/#primaryimage\"},\"thumbnailUrl\":\"https:\/\/fandeli.com\/usa\/wp-content\/uploads\/2024\/12\/rollo-a080-1.jpg\",\"datePublished\":\"2024-12-23T13:58:25+00:00\",\"dateModified\":\"2026-01-27T19:30:00+00:00\",\"breadcrumb\":{\"@id\":\"https:\/\/fandeli.com\/usa\/es\/producto\/rollo-a080\/#breadcrumb\"},\"inLanguage\":\"es\",\"potentialAction\":[{\"@type\":\"ReadAction\",\"target\":[\"https:\/\/fandeli.com\/usa\/es\/producto\/rollo-a080\/\"]}]},{\"@type\":\"ImageObject\",\"inLanguage\":\"es\",\"@id\":\"https:\/\/fandeli.com\/usa\/es\/producto\/rollo-a080\/#primaryimage\",\"url\":\"https:\/\/fandeli.com\/usa\/wp-content\/uploads\/2024\/12\/rollo-a080-1.jpg\",\"contentUrl\":\"https:\/\/fandeli.com\/usa\/wp-content\/uploads\/2024\/12\/rollo-a080-1.jpg\",\"width\":800,\"height\":800},{\"@type\":\"BreadcrumbList\",\"@id\":\"https:\/\/fandeli.com\/usa\/es\/producto\/rollo-a080\/#breadcrumb\",\"itemListElement\":[{\"@type\":\"ListItem\",\"position\":1,\"name\":\"Portada\",\"item\":\"https:\/\/fandeli.com\/usa\/es\/inicio\/\"},{\"@type\":\"ListItem\",\"position\":2,\"name\":\"Tienda\",\"item\":\"https:\/\/fandeli.com\/usa\/es\/?page_id=13\"},{\"@type\":\"ListItem\",\"position\":3,\"name\":\"Rollo A080\"}]},{\"@type\":\"WebSite\",\"@id\":\"https:\/\/fandeli.com\/usa\/#website\",\"url\":\"https:\/\/fandeli.com\/usa\/\",\"name\":\"FANDELI\",\"description\":\"FANDELI\",\"publisher\":{\"@id\":\"https:\/\/fandeli.com\/usa\/#organization\"},\"potentialAction\":[{\"@type\":\"SearchAction\",\"target\":{\"@type\":\"EntryPoint\",\"urlTemplate\":\"https:\/\/fandeli.com\/usa\/?s={search_term_string}\"},\"query-input\":{\"@type\":\"PropertyValueSpecification\",\"valueRequired\":true,\"valueName\":\"search_term_string\"}}],\"inLanguage\":\"es\"},{\"@type\":\"Organization\",\"@id\":\"https:\/\/fandeli.com\/usa\/#organization\",\"name\":\"FANDELI\",\"url\":\"https:\/\/fandeli.com\/usa\/\",\"logo\":{\"@type\":\"ImageObject\",\"inLanguage\":\"es\",\"@id\":\"https:\/\/fandeli.com\/usa\/#\/schema\/logo\/image\/\",\"url\":\"https:\/\/fandeli.com\/usa\/wp-content\/uploads\/2025\/12\/logo-fandeli-bco.svg\",\"contentUrl\":\"https:\/\/fandeli.com\/usa\/wp-content\/uploads\/2025\/12\/logo-fandeli-bco.svg\",\"width\":1486,\"height\":326,\"caption\":\"FANDELI\"},\"image\":{\"@id\":\"https:\/\/fandeli.com\/usa\/#\/schema\/logo\/image\/\"}}]}<\/script>\n<!-- \/ Yoast SEO plugin. -->","yoast_head_json":{"title":"Rollo A080 - FANDELI","robots":{"index":"index","follow":"follow","max-snippet":"max-snippet:-1","max-image-preview":"max-image-preview:large","max-video-preview":"max-video-preview:-1"},"canonical":"https:\/\/fandeli.com\/usa\/es\/producto\/rollo-a080\/","og_locale":"es_MX","og_type":"article","og_title":"Rollo A080 - FANDELI","og_description":"Aplicaciones   Operaciones de lijado en seco y acabado de superficies de madera en blanco o con recubrimientos. Pueden utilizarse manualmente o con m\u00e1quinas lijadoras. Desempe\u00f1o efectivo sobre superficies trabajadas con lacas y pinturas.    Caracter\u00edsticas    La capa de Estearato de Zinc previene el tapado prematuro del producto, asegurando una larga vida \u00fatil del mismo. Los acabados finos producidos por su acci\u00f3n de corte homog\u00e9neo las convierten en las lijas ideales para la industria de la madera.    Aplicaciones y recomendaciones                    &nbsp;&nbsp; DESCARGA LA FICHA T\u00c9CNICA","og_url":"https:\/\/fandeli.com\/usa\/es\/producto\/rollo-a080\/","og_site_name":"FANDELI","article_modified_time":"2026-01-27T19:30:00+00:00","og_image":[{"width":800,"height":800,"url":"https:\/\/fandeli.com\/usa\/wp-content\/uploads\/2024\/12\/rollo-a080-1.jpg","type":"image\/jpeg"}],"twitter_card":"summary_large_image","twitter_misc":{"Tiempo de lectura":"3 minutos"},"schema":{"@context":"https:\/\/schema.org","@graph":[{"@type":"WebPage","@id":"https:\/\/fandeli.com\/usa\/es\/producto\/rollo-a080\/","url":"https:\/\/fandeli.com\/usa\/es\/producto\/rollo-a080\/","name":"Rollo A080 - FANDELI","isPartOf":{"@id":"https:\/\/fandeli.com\/usa\/#website"},"primaryImageOfPage":{"@id":"https:\/\/fandeli.com\/usa\/es\/producto\/rollo-a080\/#primaryimage"},"image":{"@id":"https:\/\/fandeli.com\/usa\/es\/producto\/rollo-a080\/#primaryimage"},"thumbnailUrl":"https:\/\/fandeli.com\/usa\/wp-content\/uploads\/2024\/12\/rollo-a080-1.jpg","datePublished":"2024-12-23T13:58:25+00:00","dateModified":"2026-01-27T19:30:00+00:00","breadcrumb":{"@id":"https:\/\/fandeli.com\/usa\/es\/producto\/rollo-a080\/#breadcrumb"},"inLanguage":"es","potentialAction":[{"@type":"ReadAction","target":["https:\/\/fandeli.com\/usa\/es\/producto\/rollo-a080\/"]}]},{"@type":"ImageObject","inLanguage":"es","@id":"https:\/\/fandeli.com\/usa\/es\/producto\/rollo-a080\/#primaryimage","url":"https:\/\/fandeli.com\/usa\/wp-content\/uploads\/2024\/12\/rollo-a080-1.jpg","contentUrl":"https:\/\/fandeli.com\/usa\/wp-content\/uploads\/2024\/12\/rollo-a080-1.jpg","width":800,"height":800},{"@type":"BreadcrumbList","@id":"https:\/\/fandeli.com\/usa\/es\/producto\/rollo-a080\/#breadcrumb","itemListElement":[{"@type":"ListItem","position":1,"name":"Portada","item":"https:\/\/fandeli.com\/usa\/es\/inicio\/"},{"@type":"ListItem","position":2,"name":"Tienda","item":"https:\/\/fandeli.com\/usa\/es\/?page_id=13"},{"@type":"ListItem","position":3,"name":"Rollo A080"}]},{"@type":"WebSite","@id":"https:\/\/fandeli.com\/usa\/#website","url":"https:\/\/fandeli.com\/usa\/","name":"FANDELI","description":"FANDELI","publisher":{"@id":"https:\/\/fandeli.com\/usa\/#organization"},"potentialAction":[{"@type":"SearchAction","target":{"@type":"EntryPoint","urlTemplate":"https:\/\/fandeli.com\/usa\/?s={search_term_string}"},"query-input":{"@type":"PropertyValueSpecification","valueRequired":true,"valueName":"search_term_string"}}],"inLanguage":"es"},{"@type":"Organization","@id":"https:\/\/fandeli.com\/usa\/#organization","name":"FANDELI","url":"https:\/\/fandeli.com\/usa\/","logo":{"@type":"ImageObject","inLanguage":"es","@id":"https:\/\/fandeli.com\/usa\/#\/schema\/logo\/image\/","url":"https:\/\/fandeli.com\/usa\/wp-content\/uploads\/2025\/12\/logo-fandeli-bco.svg","contentUrl":"https:\/\/fandeli.com\/usa\/wp-content\/uploads\/2025\/12\/logo-fandeli-bco.svg","width":1486,"height":326,"caption":"FANDELI"},"image":{"@id":"https:\/\/fandeli.com\/usa\/#\/schema\/logo\/image\/"}}]}},"jetpack_sharing_enabled":true,"_links":{"self":[{"href":"https:\/\/fandeli.com\/usa\/wp-json\/wp\/v2\/product\/4731","targetHints":{"allow":["GET"]}}],"collection":[{"href":"https:\/\/fandeli.com\/usa\/wp-json\/wp\/v2\/product"}],"about":[{"href":"https:\/\/fandeli.com\/usa\/wp-json\/wp\/v2\/types\/product"}],"wp:featuredmedia":[{"embeddable":true,"href":"https:\/\/fandeli.com\/usa\/wp-json\/wp\/v2\/media\/4732"}],"wp:attachment":[{"href":"https:\/\/fandeli.com\/usa\/wp-json\/wp\/v2\/media?parent=4731"}],"wp:term":[{"taxonomy":"product_brand","embeddable":true,"href":"https:\/\/fandeli.com\/usa\/wp-json\/wp\/v2\/product_brand?post=4731"},{"taxonomy":"product_cat","embeddable":true,"href":"https:\/\/fandeli.com\/usa\/wp-json\/wp\/v2\/product_cat?post=4731"},{"taxonomy":"product_tag","embeddable":true,"href":"https:\/\/fandeli.com\/usa\/wp-json\/wp\/v2\/product_tag?post=4731"}],"curies":[{"name":"wp","href":"https:\/\/api.w.org\/{rel}","templated":true}]}}