{"id":3439,"date":"2024-11-29T15:17:53","date_gmt":"2024-11-29T15:17:53","guid":{"rendered":"https:\/\/fandeli.com\/usa\/?post_type=product&#038;p=3439"},"modified":"2026-01-27T20:33:13","modified_gmt":"2026-01-27T20:33:13","slug":"rollo-para-plomero-j-86","status":"publish","type":"product","link":"https:\/\/fandeli.com\/usa\/es\/producto\/rollo-para-plomero-j-86\/","title":{"rendered":"Rollo para plomero J-86"},"content":{"rendered":"<table cellspacing=\"0\" cellpadding=\"0\" class=\"tabla\">\n<tr>\n<td><strong>SKU<\/strong><\/td>\n<td><strong>DESCRIPCI\u00d3N<\/strong><\/td>\n<td><strong>GRADO<\/strong><\/td>\n<td><strong>DIMENSIONES<\/strong><\/td>\n<td><strong>EMPAQUE<\/strong><\/td>\n<td><strong>CAJA<\/strong><\/td>\n<\/tr>\n<tr>\n<td>00633<\/td>\n<td>ROLLO FANDELI J-86<\/td>\n<td>80<\/td>\n<td>1-1\/2&quot; X 50 YDS<\/td>\n<td>1<\/td>\n<td>1<\/td>\n<\/tr>\n<tr>\n<td>00634<\/td>\n<td>ROLLO FANDELI J-86<\/td>\n<td>100<\/td>\n<td>1-1\/2&quot; X 50 YDS<\/td>\n<td>1<\/td>\n<td>1<\/td>\n<\/tr>\n<tr>\n<td>00635<\/td>\n<td>ROLLO FANDELI J-86<\/td>\n<td>120<\/td>\n<td>1-1\/2&quot; X 50 YDS<\/td>\n<td>1<\/td>\n<td>1<\/td>\n<\/tr>\n<tr>\n<td>00636<\/td>\n<td>ROLLO FANDELI J-86<\/td>\n<td>150<\/td>\n<td>1-1\/2&quot; X 50 YDS<\/td>\n<td>1<\/td>\n<td>1<\/td>\n<\/tr>\n<tr>\n<td>00638<\/td>\n<td>ROLLO FANDELI J-86<\/td>\n<td>180<\/td>\n<td>1-1\/2&quot; X 50 YDS<\/td>\n<td>1<\/td>\n<td>1<\/td>\n<\/tr>\n<tr>\n<td>00639<\/td>\n<td>ROLLO FANDELI J-86<\/td>\n<td>220<\/td>\n<td>1-1\/2&quot; X 50 YDS<\/td>\n<td>1<\/td>\n<td>1<\/td>\n<\/tr>\n<tr>\n<td>00640<\/td>\n<td>ROLLO FANDELI J-86<\/td>\n<td>240<\/td>\n<td>1-1\/2&quot; X 50 YDS<\/td>\n<td>1<\/td>\n<td>1<\/td>\n<\/tr>\n<tr>\n<td>00642<\/td>\n<td>ROLLO FANDELI J-86<\/td>\n<td>320<\/td>\n<td>1-1\/2&quot; X 50 YDS<\/td>\n<td>1<\/td>\n<td>1<\/td>\n<\/tr>\n<tr>\n<td>00643<\/td>\n<td>ROLLO FANDELI J-86<\/td>\n<td>400<\/td>\n<td>1-1\/2&quot; X 50 YDS<\/td>\n<td>1<\/td>\n<td>1<\/td>\n<\/tr>\n<tr>\n<td>00646<\/td>\n<td>ROLLO FANDELI J-86<\/td>\n<td>80<\/td>\n<td>1&quot; X 50 YDS<\/td>\n<td>1<\/td>\n<td>1<\/td>\n<\/tr>\n<tr>\n<td>00647<\/td>\n<td>ROLLO FANDELI J-86<\/td>\n<td>100<\/td>\n<td>1&quot; X 50 YDS<\/td>\n<td>1<\/td>\n<td>1<\/td>\n<\/tr>\n<tr>\n<td>00648<\/td>\n<td>ROLLO FANDELI J-86<\/td>\n<td>120<\/td>\n<td>1&quot; X 50 YDS<\/td>\n<td>1<\/td>\n<td>1<\/td>\n<\/tr>\n<tr>\n<td>00649<\/td>\n<td>ROLLO FANDELI J-86<\/td>\n<td>150<\/td>\n<td>1&quot; X 50 YDS<\/td>\n<td>1<\/td>\n<td>1<\/td>\n<\/tr>\n<tr>\n<td>00650<\/td>\n<td>ROLLO FANDELI J-86<\/td>\n<td>80<\/td>\n<td>2&quot; X 50 YDS<\/td>\n<td>1<\/td>\n<td>1<\/td>\n<\/tr>\n<tr>\n<td>00651<\/td>\n<td>ROLLO FANDELI J-86<\/td>\n<td>220<\/td>\n<td>1&quot; X 50 YDS<\/td>\n<td>1<\/td>\n<td>1<\/td>\n<\/tr>\n<tr>\n<td>00652<\/td>\n<td>ROLLO FANDELI J-86<\/td>\n<td>240<\/td>\n<td>1&quot; X 50 YDS<\/td>\n<td>1<\/td>\n<td>1<\/td>\n<\/tr>\n<tr>\n<td>00654<\/td>\n<td>ROLLO FANDELI J-86<\/td>\n<td>320<\/td>\n<td>1&quot; X 50 YDS<\/td>\n<td>1<\/td>\n<td>1<\/td>\n<\/tr>\n<tr>\n<td>00655<\/td>\n<td>ROLLO FANDELI J-86<\/td>\n<td>400<\/td>\n<td>1&quot; X 50 YDS<\/td>\n<td>1<\/td>\n<td>1<\/td>\n<\/tr>\n<tr>\n<td>00660<\/td>\n<td>ROLLO FANDELI J-86<\/td>\n<td>100<\/td>\n<td>2&quot; X 50 YDS<\/td>\n<td>1<\/td>\n<td>1<\/td>\n<\/tr>\n<tr>\n<td>00661<\/td>\n<td>ROLLO FANDELI J-86<\/td>\n<td>120<\/td>\n<td>2&quot; X 50 YDS<\/td>\n<td>1<\/td>\n<td>1<\/td>\n<\/tr>\n<tr>\n<td>00662<\/td>\n<td>ROLLO FANDELI J-86<\/td>\n<td>150<\/td>\n<td>2&quot; X 50 YDS<\/td>\n<td>1<\/td>\n<td>1<\/td>\n<\/tr>\n<tr>\n<td>00663<\/td>\n<td>ROLLO FANDELI J-86<\/td>\n<td>180<\/td>\n<td>2&quot; X 50 YDS<\/td>\n<td>1<\/td>\n<td>1<\/td>\n<\/tr>\n<tr>\n<td>00664<\/td>\n<td>ROLLO FANDELI J-86<\/td>\n<td>220<\/td>\n<td>2&quot; X 50 YDS<\/td>\n<td>1<\/td>\n<td>1<\/td>\n<\/tr>\n<tr>\n<td>00665<\/td>\n<td>ROLLO FANDELI J-86<\/td>\n<td>240<\/td>\n<td>2&quot; X 50 YDS<\/td>\n<td>1<\/td>\n<td>1<\/td>\n<\/tr>\n<tr>\n<td>00667<\/td>\n<td>ROLLO FANDELI J-86<\/td>\n<td>320<\/td>\n<td>2&quot; X 50 YDS<\/td>\n<td>1<\/td>\n<td>1<\/td>\n<\/tr>\n<tr>\n<td>00668<\/td>\n<td>ROLLO FANDELI J-86<\/td>\n<td>400<\/td>\n<td>2&quot; X 50 YDS<\/td>\n<td>1<\/td>\n<td>1<\/td>\n<\/tr>\n<tr>\n<td>02556<\/td>\n<td>ROLLO FANDELI J-86<\/td>\n<td>180<\/td>\n<td>1&quot; X 50 YDS<\/td>\n<td>1<\/td>\n<td>1<\/td>\n<\/tr>\n<tr>\n<td>04779<\/td>\n<td>ROLLO FANDELI J-86<\/td>\n<td>80<\/td>\n<td>2&quot; X 50 YDS<\/td>\n<td>1<\/td>\n<td>1<\/td>\n<\/tr>\n<tr>\n<td>08440<\/td>\n<td>ROLLO FANDELI J-86<\/td>\n<td>80<\/td>\n<td>54&quot; X 100 YDS<\/td>\n<td>1<\/td>\n<td>1<\/td>\n<\/tr>\n<tr>\n<td>08442<\/td>\n<td>ROLLO FANDELI J-86<\/td>\n<td>100<\/td>\n<td>54&quot; X 100 YDS<\/td>\n<td>1<\/td>\n<td>1<\/td>\n<\/tr>\n<tr>\n<td>08445<\/td>\n<td>ROLLO FANDELI J-86<\/td>\n<td>120<\/td>\n<td>54&quot; X 100 YDS<\/td>\n<td>1<\/td>\n<td>1<\/td>\n<\/tr>\n<tr>\n<td>08446<\/td>\n<td>ROLLO FANDELI J-86<\/td>\n<td>150<\/td>\n<td>54&quot; X 100 YDS<\/td>\n<td>1<\/td>\n<td>1<\/td>\n<\/tr>\n<tr>\n<td>08449<\/td>\n<td>ROLLO FANDELI J-86<\/td>\n<td>180<\/td>\n<td>54&quot; X 100 YDS<\/td>\n<td>1<\/td>\n<td>1<\/td>\n<\/tr>\n<tr>\n<td>08451<\/td>\n<td>ROLLO FANDELI J-86<\/td>\n<td>220<\/td>\n<td>54&quot; X 100 YDS<\/td>\n<td>1<\/td>\n<td>1<\/td>\n<\/tr>\n<tr>\n<td>08453<\/td>\n<td>ROLLO FANDELI J-86<\/td>\n<td>240<\/td>\n<td>54&quot; X 100 YDS<\/td>\n<td>1<\/td>\n<td>1<\/td>\n<\/tr>\n<tr>\n<td>08457<\/td>\n<td>ROLLO FANDELI J-86<\/td>\n<td>320<\/td>\n<td>54&quot; X 100 YDS<\/td>\n<td>1<\/td>\n<td>1<\/td>\n<\/tr>\n<tr>\n<td>08466<\/td>\n<td>ROLLO FANDELI J-86<\/td>\n<td>150<\/td>\n<td>1-1\/2&quot; X 50 YDS<\/td>\n<td>1<\/td>\n<td>1<\/td>\n<\/tr>\n<tr>\n<td>32306<\/td>\n<td>ROLLO FANDELI J-86<\/td>\n<td>120<\/td>\n<td>1&quot; X 50 YDS<\/td>\n<td>1<\/td>\n<td>1<\/td>\n<\/tr>\n<tr>\n<td>32310<\/td>\n<td>ROLLO FANDELI J-86<\/td>\n<td>240<\/td>\n<td>1&quot; X 50 YDS<\/td>\n<td>1<\/td>\n<td>1<\/td>\n<\/tr>\n<tr>\n<td>32322<\/td>\n<td>ROLLO FANDELI J-86<\/td>\n<td>120<\/td>\n<td>1-1\/2&quot; X 50 YDS<\/td>\n<td>1<\/td>\n<td>1<\/td>\n<\/tr>\n<tr>\n<td>32328<\/td>\n<td>ROLLO FANDELI J-86<\/td>\n<td>320<\/td>\n<td>1-1\/2&quot; X 50 YDS<\/td>\n<td>1<\/td>\n<td>1<\/td>\n<\/tr>\n<tr>\n<td>32335<\/td>\n<td>ROLLO FANDELI J-86<\/td>\n<td>80<\/td>\n<td>2&quot; X 50 YDS<\/td>\n<td>1<\/td>\n<td>1<\/td>\n<\/tr>\n<tr>\n<td>32337<\/td>\n<td>ROLLO FANDELI J-86<\/td>\n<td>120<\/td>\n<td>2&quot; X 50 YDS<\/td>\n<td>1<\/td>\n<td>1<\/td>\n<\/tr>\n<tr>\n<td>32339<\/td>\n<td>ROLLO FANDELI J-86<\/td>\n<td>180<\/td>\n<td>2&quot; X 50 YDS<\/td>\n<td>1<\/td>\n<td>1<\/td>\n<\/tr>\n<tr>\n<td>32340<\/td>\n<td>ROLLO FANDELI J-86<\/td>\n<td>220<\/td>\n<td>2&quot; X 50 YDS<\/td>\n<td>1<\/td>\n<td>1<\/td>\n<\/tr>\n<tr>\n<td>32341<\/td>\n<td>ROLLO FANDELI J-86<\/td>\n<td>240<\/td>\n<td>2&quot; X 50 YDS<\/td>\n<td>1<\/td>\n<td>1<\/td>\n<\/tr>\n<tr>\n<td>32343<\/td>\n<td>ROLLO FANDELI J-86<\/td>\n<td>320<\/td>\n<td>2&quot; X 50 YDS<\/td>\n<td>1<\/td>\n<td>1<\/td>\n<\/tr>\n<tr>\n<td>32344<\/td>\n<td>ROLLO FANDELI J-86<\/td>\n<td>400<\/td>\n<td>2&quot; X 50 YDS<\/td>\n<td>1<\/td>\n<td>1<\/td>\n<\/tr>\n<tr>\n<td>32345<\/td>\n<td>ROLLO FANDELI J-86<\/td>\n<td>80<\/td>\n<td>1&quot; X 50 YDS<\/td>\n<td>1<\/td>\n<td>1<\/td>\n<\/tr>\n<tr>\n<td>32346<\/td>\n<td>ROLLO FANDELI J-86<\/td>\n<td>120<\/td>\n<td>1&quot; X 50 YDS<\/td>\n<td>1<\/td>\n<td>1<\/td>\n<\/tr>\n<tr>\n<td>32347<\/td>\n<td>ROLLO FANDELI J-86<\/td>\n<td>180<\/td>\n<td>1&quot; X 50 YDS<\/td>\n<td>1<\/td>\n<td>1<\/td>\n<\/tr>\n<tr>\n<td>32348<\/td>\n<td>ROLLO FANDELI J-86<\/td>\n<td>320<\/td>\n<td>1&quot; X 50 YDS<\/td>\n<td>1<\/td>\n<td>1<\/td>\n<\/tr>\n<tr>\n<td>32349<\/td>\n<td>ROLLO FANDELI J-86<\/td>\n<td>80<\/td>\n<td>1-1\/2&quot; X 50 YDS<\/td>\n<td>1<\/td>\n<td>1<\/td>\n<\/tr>\n<tr>\n<td>32350<\/td>\n<td>ROLLO FANDELI J-86<\/td>\n<td>120<\/td>\n<td>1-1\/2&quot; X 50 YDS<\/td>\n<td>1<\/td>\n<td>1<\/td>\n<\/tr>\n<tr>\n<td>32351<\/td>\n<td>ROLLO FANDELI J-86<\/td>\n<td>180<\/td>\n<td>1-1\/2&quot; X 50 YDS<\/td>\n<td>1<\/td>\n<td>1<\/td>\n<\/tr>\n<tr>\n<td>32352<\/td>\n<td>ROLLO FANDELI J-86<\/td>\n<td>320<\/td>\n<td>1-1\/2&quot; X 50 YDS<\/td>\n<td>1<\/td>\n<td>1<\/td>\n<\/tr>\n<tr>\n<td>32353<\/td>\n<td>ROLLO FANDELI J-86<\/td>\n<td>80<\/td>\n<td>2&quot; X 50 YDS<\/td>\n<td>1<\/td>\n<td>1<\/td>\n<\/tr>\n<tr>\n<td>32354<\/td>\n<td>ROLLO FANDELI J-86<\/td>\n<td>120<\/td>\n<td>2&quot; X 50 YDS<\/td>\n<td>1<\/td>\n<td>1<\/td>\n<\/tr>\n<tr>\n<td>32355<\/td>\n<td>ROLLO FANDELI J-86<\/td>\n<td>180<\/td>\n<td>2&quot; X 50 YDS<\/td>\n<td>1<\/td>\n<td>1<\/td>\n<\/tr>\n<tr>\n<td>32356<\/td>\n<td>ROLLO FANDELI J-86<\/td>\n<td>320<\/td>\n<td>2&quot; X 50 YDS<\/td>\n<td>1<\/td>\n<td>1<\/td>\n<\/tr>\n<tr>\n<td>71824<\/td>\n<td>ROLLO FANDELI J-86<\/td>\n<td>150<\/td>\n<td>4&quot; X 50 YDS<\/td>\n<td>1<\/td>\n<td>1<\/td>\n<\/tr>\n<tr>\n<td>76266<\/td>\n<td>ROLLO FANDELI J-86<\/td>\n<td>240<\/td>\n<td>6&quot; X 50 YDS<\/td>\n<td>1<\/td>\n<td>1<\/td>\n<\/tr>\n<\/table>\n","protected":false},"excerpt":{"rendered":"<p><strong>Aplicaciones<\/strong><\/p>\n<ul class=\"lista\">\n<li>Dise\u00f1adas para operaciones en la industria o el taller que requieran de acabados de alta calidad y desempe\u00f1o oper\u00e1ndolos sobre sustratos de madera y metal.<\/li>\n<li>Pueden ser utilizadas manualmente o con lijadoras orbitales.<\/li>\n<li>Son herramientas ideales para limpiar y pulir madera, pl\u00e1sticos, lacas, pinturas, metales ferrosos y no ferrosos.<\/li>\n<li>Su amplio rango de grados permite operaciones de lijado pesado, intermedio y fino.<\/li>\n<\/ul>\n<p><strong>Caracter\u00edsticas<\/strong><\/p>\n<ul class=\"lista\">\n<li>Brindan una \u00f3ptima calidad de acabados.<\/li>\n<li>Su estructura cerrada incrementa su poder de lijado.<\/li>\n<\/ul>\n<p><strong>Aplicaciones y recomendaciones<\/strong><\/p>\n<p class=\"iconos\">\n<img decoding=\"async\" src=\"\/assets\/icons\/icon-madera.svg\" class=\"icono\" \/><br \/>\n<img decoding=\"async\" src=\"\/assets\/icons\/icon-plastico.svg\" class=\"icono\" \/><br \/>\n<img decoding=\"async\" src=\"\/assets\/icons\/icon-metal.svg\" class=\"icono\" \/><br \/>\n<img decoding=\"async\" src=\"\/assets\/icons\/icon-lacas.svg\" class=\"icono\" \/><br \/>\n<img decoding=\"async\" src=\"\/assets\/icons\/icon-metal-noferroso.svg\" class=\"icono\" \/><br \/>\n<img decoding=\"async\" src=\"\/assets\/icons\/icon-uso-lija.svg\" class=\"icono\" \/>\n<\/p>\n<div id=\"descarga\">\n<p class=\"lista\"><a href=\"\/assets\/fichas-tecnicas\/linea-j-86.pdf\" target=\"_blank\" class=\"botones\"><i class=\"fa fa-file\"><\/i>&nbsp;&nbsp; DESCARGA LA FICHA T\u00c9CNICA<\/a><\/p>\n<h5><strong>Descarga las fotos del producto<\/strong><\/h5>\n<div id=\"foto\">\n<div class=\"foto1\">\n<a href=\"\/assets\/img\/hoja_rollo_j_86_300_dpis_comercial.zip\" class=\"btn-foto\" target=\"_blank\">300 dpis<\/a>\n<\/div>\n<div class=\"foto2\">\n<a href=\"\/assets\/img\/hoja_rollo_j_86_150_dpis_comercial.zip\" class=\"btn-foto\" target=\"_blank\">150 dpis<\/a>\n<\/div>\n<div class=\"foto3\">\n<a href=\"\/assets\/img\/hoja_rollo_j_86_72_dpis_comercial.zip\" class=\"btn-foto\" target=\"_blank\">72 dpis<\/a>\n<\/div>\n<\/div>\n<\/div>\n","protected":false},"featured_media":8866,"template":"","meta":{"site-sidebar-layout":"default","site-content-layout":"","ast-site-content-layout":"default","site-content-style":"default","site-sidebar-style":"default","ast-global-header-display":"","ast-banner-title-visibility":"","ast-main-header-display":"","ast-hfb-above-header-display":"","ast-hfb-below-header-display":"","ast-hfb-mobile-header-display":"","site-post-title":"","ast-breadcrumbs-content":"","ast-featured-img":"","footer-sml-layout":"","ast-disable-related-posts":"","theme-transparent-header-meta":"default","adv-header-id-meta":"","stick-header-meta":"","header-above-stick-meta":"","header-main-stick-meta":"","header-below-stick-meta":"","astra-migrate-meta-layouts":"set","ast-page-background-enabled":"default","ast-page-background-meta":{"desktop":{"background-color":"var(--ast-global-color-4)","background-image":"","background-repeat":"repeat","background-position":"center center","background-size":"auto","background-attachment":"scroll","background-type":"","background-media":"","overlay-type":"","overlay-color":"","overlay-opacity":"","overlay-gradient":""},"tablet":{"background-color":"","background-image":"","background-repeat":"repeat","background-position":"center center","background-size":"auto","background-attachment":"scroll","background-type":"","background-media":"","overlay-type":"","overlay-color":"","overlay-opacity":"","overlay-gradient":""},"mobile":{"background-color":"","background-image":"","background-repeat":"repeat","background-position":"center center","background-size":"auto","background-attachment":"scroll","background-type":"","background-media":"","overlay-type":"","overlay-color":"","overlay-opacity":"","overlay-gradient":""}},"ast-content-background-meta":{"desktop":{"background-color":"var(--ast-global-color-5)","background-image":"","background-repeat":"repeat","background-position":"center center","background-size":"auto","background-attachment":"scroll","background-type":"","background-media":"","overlay-type":"","overlay-color":"","overlay-opacity":"","overlay-gradient":""},"tablet":{"background-color":"var(--ast-global-color-5)","background-image":"","background-repeat":"repeat","background-position":"center center","background-size":"auto","background-attachment":"scroll","background-type":"","background-media":"","overlay-type":"","overlay-color":"","overlay-opacity":"","overlay-gradient":""},"mobile":{"background-color":"var(--ast-global-color-5)","background-image":"","background-repeat":"repeat","background-position":"center center","background-size":"auto","background-attachment":"scroll","background-type":"","background-media":"","overlay-type":"","overlay-color":"","overlay-opacity":"","overlay-gradient":""}}},"product_brand":[],"product_cat":[19,26,24,21,915],"product_tag":[],"class_list":{"0":"post-3439","1":"product","2":"type-product","3":"status-publish","4":"has-post-thumbnail","6":"product_cat-carpinteria-es","7":"product_cat-hogar-es","8":"product_cat-mantenimiento-es","9":"product_cat-plomeria-es","10":"product_cat-rollos-de-lija-es","11":"desktop-align-center","12":"tablet-align-left","13":"mobile-align-center","15":"first","16":"instock","17":"shipping-taxable","18":"product-type-simple"},"yoast_head":"<!-- This site is optimized with the Yoast SEO plugin v27.2 - https:\/\/yoast.com\/product\/yoast-seo-wordpress\/ -->\n<title>Rollo para plomero J-86 - FANDELI<\/title>\n<meta name=\"robots\" content=\"index, follow, max-snippet:-1, max-image-preview:large, max-video-preview:-1\" \/>\n<link rel=\"canonical\" href=\"https:\/\/fandeli.com\/usa\/es\/producto\/rollo-para-plomero-j-86\/\" \/>\n<meta property=\"og:locale\" content=\"es_MX\" \/>\n<meta property=\"og:type\" content=\"article\" \/>\n<meta property=\"og:title\" content=\"Rollo para plomero J-86 - FANDELI\" \/>\n<meta property=\"og:description\" content=\"Aplicaciones   Dise\u00f1adas para operaciones en la industria o el taller que requieran de acabados de alta calidad y desempe\u00f1o oper\u00e1ndolos sobre sustratos de madera y metal. Pueden ser utilizadas manualmente o con lijadoras orbitales. Son herramientas ideales para limpiar y pulir madera, pl\u00e1sticos, lacas, pinturas, metales ferrosos y no ferrosos. Su amplio rango de grados permite operaciones de lijado pesado, intermedio y fino.   Caracter\u00edsticas    Brindan una \u00f3ptima calidad de acabados. Su estructura cerrada incrementa su poder de lijado.    Aplicaciones y recomendaciones                  &nbsp;&nbsp; DESCARGA LA FICHA T\u00c9CNICA  Descarga las fotos del producto    300 dpis   150 dpis   72 dpis\" \/>\n<meta property=\"og:url\" content=\"https:\/\/fandeli.com\/usa\/es\/producto\/rollo-para-plomero-j-86\/\" \/>\n<meta property=\"og:site_name\" content=\"FANDELI\" \/>\n<meta property=\"article:modified_time\" content=\"2026-01-27T20:33:13+00:00\" \/>\n<meta property=\"og:image\" content=\"https:\/\/fandeli.com\/usa\/wp-content\/uploads\/2024\/11\/rollo-j-86-1.jpg\" \/>\n\t<meta property=\"og:image:width\" content=\"800\" \/>\n\t<meta property=\"og:image:height\" content=\"800\" \/>\n\t<meta property=\"og:image:type\" content=\"image\/jpeg\" \/>\n<meta name=\"twitter:card\" content=\"summary_large_image\" \/>\n<meta name=\"twitter:label1\" content=\"Tiempo de lectura\" \/>\n\t<meta name=\"twitter:data1\" content=\"4 minutos\" \/>\n<script type=\"application\/ld+json\" class=\"yoast-schema-graph\">{\"@context\":\"https:\/\/schema.org\",\"@graph\":[{\"@type\":\"WebPage\",\"@id\":\"https:\/\/fandeli.com\/usa\/es\/producto\/rollo-para-plomero-j-86\/\",\"url\":\"https:\/\/fandeli.com\/usa\/es\/producto\/rollo-para-plomero-j-86\/\",\"name\":\"Rollo para plomero J-86 - FANDELI\",\"isPartOf\":{\"@id\":\"https:\/\/fandeli.com\/usa\/#website\"},\"primaryImageOfPage\":{\"@id\":\"https:\/\/fandeli.com\/usa\/es\/producto\/rollo-para-plomero-j-86\/#primaryimage\"},\"image\":{\"@id\":\"https:\/\/fandeli.com\/usa\/es\/producto\/rollo-para-plomero-j-86\/#primaryimage\"},\"thumbnailUrl\":\"https:\/\/fandeli.com\/usa\/wp-content\/uploads\/2024\/11\/rollo-j-86-1.jpg\",\"datePublished\":\"2024-11-29T15:17:53+00:00\",\"dateModified\":\"2026-01-27T20:33:13+00:00\",\"breadcrumb\":{\"@id\":\"https:\/\/fandeli.com\/usa\/es\/producto\/rollo-para-plomero-j-86\/#breadcrumb\"},\"inLanguage\":\"es\",\"potentialAction\":[{\"@type\":\"ReadAction\",\"target\":[\"https:\/\/fandeli.com\/usa\/es\/producto\/rollo-para-plomero-j-86\/\"]}]},{\"@type\":\"ImageObject\",\"inLanguage\":\"es\",\"@id\":\"https:\/\/fandeli.com\/usa\/es\/producto\/rollo-para-plomero-j-86\/#primaryimage\",\"url\":\"https:\/\/fandeli.com\/usa\/wp-content\/uploads\/2024\/11\/rollo-j-86-1.jpg\",\"contentUrl\":\"https:\/\/fandeli.com\/usa\/wp-content\/uploads\/2024\/11\/rollo-j-86-1.jpg\",\"width\":800,\"height\":800},{\"@type\":\"BreadcrumbList\",\"@id\":\"https:\/\/fandeli.com\/usa\/es\/producto\/rollo-para-plomero-j-86\/#breadcrumb\",\"itemListElement\":[{\"@type\":\"ListItem\",\"position\":1,\"name\":\"Portada\",\"item\":\"https:\/\/fandeli.com\/usa\/es\/inicio\/\"},{\"@type\":\"ListItem\",\"position\":2,\"name\":\"Tienda\",\"item\":\"https:\/\/fandeli.com\/usa\/es\/?page_id=13\"},{\"@type\":\"ListItem\",\"position\":3,\"name\":\"Rollo para plomero J-86\"}]},{\"@type\":\"WebSite\",\"@id\":\"https:\/\/fandeli.com\/usa\/#website\",\"url\":\"https:\/\/fandeli.com\/usa\/\",\"name\":\"FANDELI\",\"description\":\"FANDELI\",\"publisher\":{\"@id\":\"https:\/\/fandeli.com\/usa\/#organization\"},\"potentialAction\":[{\"@type\":\"SearchAction\",\"target\":{\"@type\":\"EntryPoint\",\"urlTemplate\":\"https:\/\/fandeli.com\/usa\/?s={search_term_string}\"},\"query-input\":{\"@type\":\"PropertyValueSpecification\",\"valueRequired\":true,\"valueName\":\"search_term_string\"}}],\"inLanguage\":\"es\"},{\"@type\":\"Organization\",\"@id\":\"https:\/\/fandeli.com\/usa\/#organization\",\"name\":\"FANDELI\",\"url\":\"https:\/\/fandeli.com\/usa\/\",\"logo\":{\"@type\":\"ImageObject\",\"inLanguage\":\"es\",\"@id\":\"https:\/\/fandeli.com\/usa\/#\/schema\/logo\/image\/\",\"url\":\"https:\/\/fandeli.com\/usa\/wp-content\/uploads\/2025\/12\/logo-fandeli-bco.svg\",\"contentUrl\":\"https:\/\/fandeli.com\/usa\/wp-content\/uploads\/2025\/12\/logo-fandeli-bco.svg\",\"width\":1486,\"height\":326,\"caption\":\"FANDELI\"},\"image\":{\"@id\":\"https:\/\/fandeli.com\/usa\/#\/schema\/logo\/image\/\"}}]}<\/script>\n<!-- \/ Yoast SEO plugin. -->","yoast_head_json":{"title":"Rollo para plomero J-86 - FANDELI","robots":{"index":"index","follow":"follow","max-snippet":"max-snippet:-1","max-image-preview":"max-image-preview:large","max-video-preview":"max-video-preview:-1"},"canonical":"https:\/\/fandeli.com\/usa\/es\/producto\/rollo-para-plomero-j-86\/","og_locale":"es_MX","og_type":"article","og_title":"Rollo para plomero J-86 - FANDELI","og_description":"Aplicaciones   Dise\u00f1adas para operaciones en la industria o el taller que requieran de acabados de alta calidad y desempe\u00f1o oper\u00e1ndolos sobre sustratos de madera y metal. Pueden ser utilizadas manualmente o con lijadoras orbitales. Son herramientas ideales para limpiar y pulir madera, pl\u00e1sticos, lacas, pinturas, metales ferrosos y no ferrosos. Su amplio rango de grados permite operaciones de lijado pesado, intermedio y fino.   Caracter\u00edsticas    Brindan una \u00f3ptima calidad de acabados. Su estructura cerrada incrementa su poder de lijado.    Aplicaciones y recomendaciones                  &nbsp;&nbsp; DESCARGA LA FICHA T\u00c9CNICA  Descarga las fotos del producto    300 dpis   150 dpis   72 dpis","og_url":"https:\/\/fandeli.com\/usa\/es\/producto\/rollo-para-plomero-j-86\/","og_site_name":"FANDELI","article_modified_time":"2026-01-27T20:33:13+00:00","og_image":[{"width":800,"height":800,"url":"https:\/\/fandeli.com\/usa\/wp-content\/uploads\/2024\/11\/rollo-j-86-1.jpg","type":"image\/jpeg"}],"twitter_card":"summary_large_image","twitter_misc":{"Tiempo de lectura":"4 minutos"},"schema":{"@context":"https:\/\/schema.org","@graph":[{"@type":"WebPage","@id":"https:\/\/fandeli.com\/usa\/es\/producto\/rollo-para-plomero-j-86\/","url":"https:\/\/fandeli.com\/usa\/es\/producto\/rollo-para-plomero-j-86\/","name":"Rollo para plomero J-86 - FANDELI","isPartOf":{"@id":"https:\/\/fandeli.com\/usa\/#website"},"primaryImageOfPage":{"@id":"https:\/\/fandeli.com\/usa\/es\/producto\/rollo-para-plomero-j-86\/#primaryimage"},"image":{"@id":"https:\/\/fandeli.com\/usa\/es\/producto\/rollo-para-plomero-j-86\/#primaryimage"},"thumbnailUrl":"https:\/\/fandeli.com\/usa\/wp-content\/uploads\/2024\/11\/rollo-j-86-1.jpg","datePublished":"2024-11-29T15:17:53+00:00","dateModified":"2026-01-27T20:33:13+00:00","breadcrumb":{"@id":"https:\/\/fandeli.com\/usa\/es\/producto\/rollo-para-plomero-j-86\/#breadcrumb"},"inLanguage":"es","potentialAction":[{"@type":"ReadAction","target":["https:\/\/fandeli.com\/usa\/es\/producto\/rollo-para-plomero-j-86\/"]}]},{"@type":"ImageObject","inLanguage":"es","@id":"https:\/\/fandeli.com\/usa\/es\/producto\/rollo-para-plomero-j-86\/#primaryimage","url":"https:\/\/fandeli.com\/usa\/wp-content\/uploads\/2024\/11\/rollo-j-86-1.jpg","contentUrl":"https:\/\/fandeli.com\/usa\/wp-content\/uploads\/2024\/11\/rollo-j-86-1.jpg","width":800,"height":800},{"@type":"BreadcrumbList","@id":"https:\/\/fandeli.com\/usa\/es\/producto\/rollo-para-plomero-j-86\/#breadcrumb","itemListElement":[{"@type":"ListItem","position":1,"name":"Portada","item":"https:\/\/fandeli.com\/usa\/es\/inicio\/"},{"@type":"ListItem","position":2,"name":"Tienda","item":"https:\/\/fandeli.com\/usa\/es\/?page_id=13"},{"@type":"ListItem","position":3,"name":"Rollo para plomero J-86"}]},{"@type":"WebSite","@id":"https:\/\/fandeli.com\/usa\/#website","url":"https:\/\/fandeli.com\/usa\/","name":"FANDELI","description":"FANDELI","publisher":{"@id":"https:\/\/fandeli.com\/usa\/#organization"},"potentialAction":[{"@type":"SearchAction","target":{"@type":"EntryPoint","urlTemplate":"https:\/\/fandeli.com\/usa\/?s={search_term_string}"},"query-input":{"@type":"PropertyValueSpecification","valueRequired":true,"valueName":"search_term_string"}}],"inLanguage":"es"},{"@type":"Organization","@id":"https:\/\/fandeli.com\/usa\/#organization","name":"FANDELI","url":"https:\/\/fandeli.com\/usa\/","logo":{"@type":"ImageObject","inLanguage":"es","@id":"https:\/\/fandeli.com\/usa\/#\/schema\/logo\/image\/","url":"https:\/\/fandeli.com\/usa\/wp-content\/uploads\/2025\/12\/logo-fandeli-bco.svg","contentUrl":"https:\/\/fandeli.com\/usa\/wp-content\/uploads\/2025\/12\/logo-fandeli-bco.svg","width":1486,"height":326,"caption":"FANDELI"},"image":{"@id":"https:\/\/fandeli.com\/usa\/#\/schema\/logo\/image\/"}}]}},"jetpack_sharing_enabled":true,"_links":{"self":[{"href":"https:\/\/fandeli.com\/usa\/wp-json\/wp\/v2\/product\/3439","targetHints":{"allow":["GET"]}}],"collection":[{"href":"https:\/\/fandeli.com\/usa\/wp-json\/wp\/v2\/product"}],"about":[{"href":"https:\/\/fandeli.com\/usa\/wp-json\/wp\/v2\/types\/product"}],"wp:featuredmedia":[{"embeddable":true,"href":"https:\/\/fandeli.com\/usa\/wp-json\/wp\/v2\/media\/8866"}],"wp:attachment":[{"href":"https:\/\/fandeli.com\/usa\/wp-json\/wp\/v2\/media?parent=3439"}],"wp:term":[{"taxonomy":"product_brand","embeddable":true,"href":"https:\/\/fandeli.com\/usa\/wp-json\/wp\/v2\/product_brand?post=3439"},{"taxonomy":"product_cat","embeddable":true,"href":"https:\/\/fandeli.com\/usa\/wp-json\/wp\/v2\/product_cat?post=3439"},{"taxonomy":"product_tag","embeddable":true,"href":"https:\/\/fandeli.com\/usa\/wp-json\/wp\/v2\/product_tag?post=3439"}],"curies":[{"name":"wp","href":"https:\/\/api.w.org\/{rel}","templated":true}]}}